tors of 5008008?
2, 3, 208667
What are the prime factors of 899067?
3, 13, 23053
List the prime factors of 386533.
7, 55219
List the prime factors of 482739.
3, 37, 4349
List the prime factors of 4649925.
3, 5, 7, 17, 521
What are the prime factors of 26904853?
1901, 14153
List the prime factors of 8087517.
3, 898613
What are the prime factors of 101838?
2, 3, 11, 1543
List the prime factors of 6567523.
449, 14627
List the prime factors of 215320.
2, 5, 7, 769
List the prime factors of 9905747.
17, 582691
What are the prime factors of 3963791?
13, 304907
What are the prime factors of 545739?
3, 181913
List the prime factors of 9881026.
2, 19, 67, 3881
What are the prime factors of 21478317?
3, 7, 20873
List the prime factors of 11364565.
5, 19, 119627
What are the prime factors of 3076948?
2, 7, 109891
What are the prime factors of 6856757?
6856757
List the prime factors of 1468836.
2, 3, 40801
List the prime factors of 192070.
2, 5, 19207
What are the prime factors of 1689912?
2, 3, 7, 479
List the prime factors of 384313.
19, 113, 179
List the prime factors of 171482.
2, 179, 479
List the prime factors of 6797842.
2, 733, 4637
List the prime factors of 2170043.
2170043
List the prime factors of 33778661.
7, 4825523
What are the prime factors of 4596029?
31, 37, 4007
What are the prime factors of 18465960?
2, 3, 5, 37, 4159
List the prime factors of 99781.
11, 47, 193
What are the prime factors of 3459871?
1607, 2153
What are the prime factors of 4909035?
3, 5, 83, 3943
List the prime factors of 671822.
2, 97, 3463
List the prime factors of 28179936.
2, 3, 97847
What are the prime factors of 6440080?
2, 5, 79, 1019
What are the prime factors of 153812?
2, 38453
What are the prime factors of 1000872?
2, 3, 13901
What are the prime factors of 8757010?
2, 5, 875701
List the prime factors of 5764201.
19, 303379
List the prime factors of 296202.
2, 3, 49367
What are the prime factors of 6599550?
2, 3, 5, 43997
What are the prime factors of 6351378?
2, 3, 11, 96233
List the prime factors of 1781661.
3, 7, 37, 2293
List the prime factors of 87368.
2, 67, 163
List the prime factors of 3692356.
2, 107, 8627
What are the prime factors of 838417?
307, 2731
What are the prime factors of 3945419?
61, 64679
What are the prime factors of 277127?
23, 12049
What are the prime factors of 462733?
462733
List the prime factors of 3257464.
2, 7, 58169
List the prime factors of 24506709.
3, 31, 263513
List the prime factors of 5723979.
3, 1907993
List the prime factors of 8179620.
2, 3, 5, 136327
List the prime factors of 349342.
2, 7, 24953
List the prime factors of 941271.
3, 211, 1487
What are the prime factors of 487320?
2, 3, 5, 31, 131
List the prime factors of 2812475.
5, 19, 31, 191
What are the prime factors of 727674?
2, 3, 23, 5273
What are the prime factors of 3677077?
3677077
List the prime factors of 2273672.
2, 47, 6047
List the prime factors of 4079500.
2, 5, 41, 199
List the prime factors of 194518.
2, 97259
What are the prime factors of 1114030?
2, 5, 101, 1103
List the prime factors of 15973.
15973
List the prime factors of 5533999.
67, 151, 547
What are the prime factors of 42044747?
97, 127, 3413
What are the prime factors of 634906?
2, 317453
List the prime factors of 105215.
5, 11, 1913
List the prime factors of 23407449.
3, 13, 19, 31, 1019
What are the prime factors of 5602966?
2, 2801483
What are the prime factors of 1176124?
2, 29, 10139
List the prime factors of 538392.
2, 3, 22433
List the prime factors of 3039713.
43, 223, 317
List the prime factors of 1068613.
7, 13, 11743
List the prime factors of 11637807.
3, 3879269
What are the prime factors of 1985462?
2, 19, 52249
List the prime factors of 2231345.
5, 23, 19403
What are the prime factors of 423273?
3, 199, 709
List the prime factors of 172554.
2, 3, 28759
What are the prime factors of 8699920?
2, 5, 17, 6397
List the prime factors of 2606352.
2, 3, 7, 7757
List the prime factors of 545423.
41, 53, 251
List the prime factors of 9742310.
2, 5, 61, 15971
List the prime factors of 562233.
3, 7, 41, 653
List the prime factors of 184300.
2, 5, 19, 97
List the prime factors of 9819466.
2, 19, 258407
What are the prime factors of 10179544?
2, 1272443
What are the prime factors of 132660?
2, 3, 5, 11, 67
List the prime factors of 830431.
7, 118633
What are the prime factors of 573735?
3, 5, 23, 1663
What are the prime factors of 39146?
2, 23, 37
List the prime factors of 1218244.
2, 304561
List the prime factors of 207169.
207169
What are the prime factors of 36653?
36653
What are the prime factors of 660978?
2, 3, 36721
What are the prime factors of 121473?
3, 11, 409
List the prime factors of 611069.
611069
What are the prime factors of 9984?
2, 3, 13
What are the prime factors of 454809?
3, 151603
What are the prime factors of 696941?
7, 99563
What are the prime factors of 8498059?
373, 22783
List the prime factors of 1180491.
3, 13, 30269
What are the prime factors of 870574?
2, 435287
List the prime factors of 253089.
3, 61, 461
List the prime factors of 246082.
2, 41, 3001
What are the prime factors of 367058?
2, 223, 823
What are the prime factors of 3109883?
7, 63467
What are the prime factors of 193838?
2, 19, 5101
What are the prime factors of 4114952?
2, 17, 79, 383
What are the prime factors of 3031563?
3, 233, 4337
What are the prime factors of 4341944?
2, 409, 1327
List the prime factors of 369852.
2, 3, 7, 17, 37
What are the prime factors of 3297344?
2, 51521
What are the prime factors of 2882772?
2, 3, 80077
List the prime factors of 2467953.
3, 443, 619
What are the prime factors of 245400?
2, 3, 5, 409
What are the prime factors of 9480432?
2, 3, 13, 15193
What are the prime factors of 127245?
3, 5, 17, 499
What are the prime factors of 3689085?
3, 5, 17, 23, 37
List the prime factors of 200031.
3, 13, 23, 223
What are the prime factors of 18464565?
3, 5, 7, 175853
What are the prime factors of 9579223?
191, 50153
List the prime factors of 32261559.
3, 11, 173, 5651
What are the prime factors of 346715?
5, 17, 4079
What are the prime factors of 235140?
2, 3, 5, 3919
What are the prime factors of 9368086?
2, 7, 13, 51473
List the prime factors of 3587627.
79, 45413
List the prime factors of 7187273.
29, 139, 1783
What are the prime factors of 26636518?
2, 17, 19, 41233
What are the prime factors of 163996?
2, 7, 5857
List the prime factors of 2192232.
2, 3, 7, 13049
List the prime factors of 534511.
534511
List the prime factors of 3336312.
2, 3, 7, 2837
List the prime factors of 3649767.
3, 11, 19, 5821
What are the prime factors of 611583?
3, 7, 29123
List the prime factors of 202617.
3, 47, 479
What are the prime factors of 201824?
2, 7, 17, 53
List the prime factors of 79461.
3, 109
List the prime factors of 3370652.
2, 47, 17929
What are the prime factors of 9819763?
37, 265399
List the prime factors of 28429753.
11, 2584523
What are the prime factors of 1851693?
3, 617231
List the prime factors of 50342.
2, 25171
What are the prime factors of 755357?
755357
List the prime factors of 17224097.
11, 1565827
List the prime factors of 802958.
2, 13, 89, 347
List the prime factors of 4805044.
2, 1201261
List the prime factors of 1437392.
2, 11, 8167
What are the prime factors of 2129965?
5, 313, 1361
List the prime factors of 147662.
2, 17, 43, 101
What are the prime factors of 3478948?
2, 11, 17, 4651
What are the prime factors of 5851771?
929, 6299
List the prime factors of 241909.
47, 5147
What are the prime factors of 261733?
31, 8443
What are the prime factors of 2467856?
2, 17, 43, 211
What are the prime factors of 4982676?
2, 3, 277, 1499
What are the prime factors of 8723707?
8723707
What are the prime factors of 18584476?
2, 29, 151, 1061
What are the prime factors of 2611406?
2, 7, 26647
List the prime factors of 2497302.
2, 3, 138739
What are the prime factors of 137511?
3, 11, 463
What are the prime factors of 5634496?
2, 7, 12577
What are the prime factors of 4356963?
3, 13, 12413
What are the prime factors of 184959?
3, 20551
List the prime factors of 6276977.
7, 41, 21871
List the prime factors of 511248.
2, 3, 10651
What are the prime factors of 3569772?
2, 3, 297481
List the prime factors of 7744804.
2, 61, 31741
What are the prime factors of 4727